{"version":"1.0","type":"link","provider_name":"Alfahir.hu","provider_url":"https://alfahir.hu","author_name":"Alfah\u00EDr","title":"Az els\u0151 100 nap: hol maradtak a kamp\u00E1ny\u00EDg\u00E9retek?","url":"https://alfahir.hu/hirek/az-elso-100-nap-hol-maradtak-a-kampanyigeretek","thumbnail_url":"https://blobs.alfahir.hu/covers-by-articles/18d97c9c-b2f8-41cf-81aa-13121b9dcd00/ba2189f2-74c9-48e6-8712-41cbdb386be7/1200x800.jpg","thumbnail_width":1200,"thumbnail_height":800}

Alfahír

Az első 100 nap: hol maradtak a kampányígéretek?
