{"version":"1.0","type":"link","provider_name":"Alfahir.hu","provider_url":"https://alfahir.hu","author_name":"Alfah\u00EDr","title":"Nem el\u00E9g egy szabadnap: a Jobbik szerint t\u00F6bbet \u00E9rdemelnek a rend\u0151r\u00F6k","url":"https://alfahir.hu/hirek/nem-eleg-egy-szabadnap-a-jobbik-szerint-tobbet-erdemelnek-a-rendorok","thumbnail_url":"https://blobs.alfahir.hu/covers-by-articles/0d2ead90-5261-411c-ad4b-0635cc4660b8/f060abfd-5697-472a-93c9-b044dbb89e19/1200x800.jpg","thumbnail_width":1200,"thumbnail_height":800}

Alfahír

Nem elég egy szabadnap: a Jobbik szerint többet érdemelnek a rendőrök
