{"version":"1.0","type":"link","provider_name":"Alfahir.hu","provider_url":"https://alfahir.hu","title":"N\u00E9zze csak, milyen id\u0151 lesz h\u00FAsv\u00E9tkor!","url":"https://alfahir.hu/hirek/nezze-csak-milyen-ido-lesz-husvetkor","thumbnail_url":"https://blobs.alfahir.hu/covers-by-articles/860189a4-d57a-4947-9f6c-dea9f738e800/f0a043a4-f55c-46cd-8b7a-f7cf9389c83d/1200x800.jpg","thumbnail_width":1200,"thumbnail_height":800}

Nézze csak, milyen idő lesz húsvétkor!
